{"id":1756,"date":"2026-04-27T09:58:09","date_gmt":"2026-04-27T07:58:09","guid":{"rendered":"https:\/\/simonabranca.com\/property\/terreno-urbano-en-venta-en-armenime\/"},"modified":"2026-04-27T17:37:10","modified_gmt":"2026-04-27T15:37:10","slug":"terreno-urbano-en-venta-en-armenime","status":"publish","type":"property","link":"https:\/\/simonabranca.com\/it\/property\/terreno-urbano-en-venta-en-armenime\/","title":{"rendered":"Terreno Urbano en Venta en Arme\u00f1ime"},"content":{"rendered":"<p>Se vende parcela urbana de 314 m\u00b2 situada en Arme\u00f1ime, dentro del municipio de Adeje, en el sur de Tenerife.<\/p>\n<p>La parcela se encuentra clasificada en zona de uso residencial en altura media, lo que permite el desarrollo de un proyecto de edificaci\u00f3n plurifamiliar, ideal tanto para promoci\u00f3n de viviendas como para inversi\u00f3n patrimonial.<\/p>\n<p>Se dispone de plano urban\u00edstico, lo que facilita el an\u00e1lisis y desarrollo del proyecto, aportando mayor seguridad al inversor o promotor interesado.<\/p>\n<p>Ubicada en un entorno consolidado y con buena conexi\u00f3n a los principales n\u00facleos tur\u00edsticos y comerciales del sur de la isla, la zona ofrece una combinaci\u00f3n de tranquilidad residencial y cercan\u00eda a servicios, lo que la convierte en una opci\u00f3n atractiva para el desarrollo inmobiliario.<\/p>\n<p>Seg\u00fan normativa urban\u00edstica, la parcela permite edificaci\u00f3n en varias plantas (m\u00ednimo dos), con posibilidad de garaje y usos complementarios en planta baja como locales comerciales o equipamientos, sujeto a proyecto t\u00e9cnico y normativa vigente.<\/p>\n<p>Una oportunidad para promotores o inversores que buscan suelo urbano en una ubicaci\u00f3n estrat\u00e9gica con potencial de revalorizaci\u00f3n. &#8211; Testing:  | 28.1292347, -16.7569306<\/p>","protected":false},"excerpt":{"rendered":"<p>Se vende parcela urbana de 314 m\u00b2 situada en Arme\u00f1ime, dentro del municipio de Adeje, en el sur de Tenerife. La parcela se encuentra clasificada en zona de uso residencial en altura media, lo que permite el desarrollo de un proyecto de edificaci\u00f3n plurifamiliar, ideal tanto para promoci\u00f3n de viviendas como para inversi\u00f3n patrimonial. Se [&hellip;]<\/p>\n","protected":false},"author":0,"featured_media":1757,"parent":0,"menu_order":0,"template":"","property_type":[16],"property_status":[17],"property_feature":[],"property_label":[],"property_country":[],"property_state":[13],"property_city":[30],"property_area":[],"class_list":["post-1756","property","type-property","status-publish","has-post-thumbnail","hentry","property_type-terreno","property_status-en-venta","property_state-santa-cruz-de-tenerife","property_city-armenime"],"property_meta":{"_imported_ref_1766492416":["4249006"],"_property_import_data":["<?xml version=\"1.0\"?>\n<property>\n    \n        <id>4249006<\/id>\n    \n\n    <ref>PCGT-30<\/ref>\n\n    \n    <date>2026-04-27 08:58:43<\/date>\n    \n      \n        <price>210000<\/price>\n      \n    \n    <currency>EUR<\/currency>\n    \n    \n    <price_freq>sale<\/price_freq>\n    \n    \n    \n    \n    <type>Land<\/type>\n    \n    \n    <town>Arme&#xF1;ime<\/town>\n    <province>Santa Cruz de Tenerife<\/province>\n    \n    <country>Espa&#xF1;a<\/country>\n    \n    <location>\n        <latitude>28.1292347<\/latitude>\n        <longitude>-16.7569306<\/longitude>\n    <\/location>\n    \n        <location_detail>Calle Patrona de Canarias, 0, 38678<\/location_detail>\n    \n    <beds>0<\/beds>\n    <baths>0<\/baths>\n    <surface_area>\n        \n        \n        <plot>314<\/plot>\n        \n    <\/surface_area>\n    <energy_rating>\n      \n        <consumption>X<\/consumption>\n      \n      \n        <emissions>X<\/emissions>\n      \n      \n    <\/energy_rating>\n    \n    \n        \n            <url>\n                <es>http:\/\/pcgt.pruebas.witei.com\/house\/4249006-terreno-urbano-en-venta-en-armenime-210000eur-PCGT30\/<\/es>\n            <\/url>\n        \n    \n    \n    <desc>\n        \n        <es>Se vende parcela urbana de 314 m&#xB2; situada en Arme&#xF1;ime, dentro del municipio de Adeje, en el sur de Tenerife.\n\nLa parcela se encuentra clasificada en zona de uso residencial en altura media, lo que permite el desarrollo de un proyecto de edificaci&#xF3;n plurifamiliar, ideal tanto para promoci&#xF3;n de viviendas como para inversi&#xF3;n patrimonial.\n\nSe dispone de plano urban&#xED;stico, lo que facilita el an&#xE1;lisis y desarrollo del proyecto, aportando mayor seguridad al inversor o promotor interesado.\n\nUbicada en un entorno consolidado y con buena conexi&#xF3;n a los principales n&#xFA;cleos tur&#xED;sticos y comerciales del sur de la isla, la zona ofrece una combinaci&#xF3;n de tranquilidad residencial y cercan&#xED;a a servicios, lo que la convierte en una opci&#xF3;n atractiva para el desarrollo inmobiliario.\n\nSeg&#xFA;n normativa urban&#xED;stica, la parcela permite edificaci&#xF3;n en varias plantas (m&#xED;nimo dos), con posibilidad de garaje y usos complementarios en planta baja como locales comerciales o equipamientos, sujeto a proyecto t&#xE9;cnico y normativa vigente.\n\nUna oportunidad para promotores o inversores que buscan suelo urbano en una ubicaci&#xF3;n estrat&#xE9;gica con potencial de revalorizaci&#xF3;n.<\/es>\n        \n        \n        \n        \n        \n        \n        \n        \n        \n        \n        \n    <\/desc>\n    \n    \n    \n    <features>\n        \n        <feature>edificable<\/feature>\n        \n        <feature>orientaci&#xF3;n sur<\/feature>\n        \n        <feature>solar<\/feature>\n        \n        <feature>soleado<\/feature>\n        \n        <feature>urbano<\/feature>\n        \n    <\/features>\n    \n    \n    \n    <images>\n        \n        <image id=\"1\">\n            <url>https:\/\/d2ctzk1imdlpfx.cloudfront.net\/pics\/4249006-d6b8ed53.jpg<\/url>\n        <\/image>\n        \n        <image id=\"2\">\n            <url>https:\/\/d2ctzk1imdlpfx.cloudfront.net\/pics\/4249006-5dbdb49b.jpg<\/url>\n        <\/image>\n        \n        <image id=\"3\">\n            <url>https:\/\/d2ctzk1imdlpfx.cloudfront.net\/pics\/4249006-bbf459e4.jpg<\/url>\n        <\/image>\n        \n        <image id=\"4\">\n            <url>https:\/\/d2ctzk1imdlpfx.cloudfront.net\/pics\/4249006-f3d5c418.jpg<\/url>\n        <\/image>\n        \n        <image id=\"5\">\n            <url>https:\/\/d2ctzk1imdlpfx.cloudfront.net\/pics\/4249006-45800aaf.jpg<\/url>\n        <\/image>\n        \n        <image id=\"6\">\n            <url>https:\/\/d2ctzk1imdlpfx.cloudfront.net\/pics\/4249006-fbf204a8.jpg<\/url>\n        <\/image>\n        \n        <image id=\"7\">\n            <url>https:\/\/d2ctzk1imdlpfx.cloudfront.net\/pics\/4249006-d22cfbed.jpg<\/url>\n        <\/image>\n        \n    <\/images>\n    \n\n    \n    \n        \n    \n\n\n    \n    \n        <title>Terreno Urbano en Venta en Arme&#xF1;ime<\/title>\n    \n    <district\/>\n    <zone>Arme&#xF1;ime<\/zone>\n    <wi_data>\n        <videos>\n            \n            \n        <\/videos>\n        <type_es>Terreno<\/type_es>\n        <show_price>1<\/show_price>\n        <postalcode>38678<\/postalcode>\n        <district\/>\n        \n        \n        <zone>Arme&#xF1;ime<\/zone>\n        \n        \n            <title>Terreno Urbano en Venta en Arme&#xF1;ime<\/title>\n        \n        <titles>\n            \n            <es>Terreno Urbano en Venta en Arme&#xF1;ime<\/es>\n            \n            \n            \n            \n            \n            \n            \n            \n            \n            \n            \n        <\/titles>\n        \n        \n        \n        \n\n    <\/wi_data>\n\n    \n<\/property>\n"],"_thumbnail_id":["1757"],"fave_property_images":["1757","1758","1759","1760","1761","1762","1763"],"images_stored_as_urls":[""],"fave_property_bedrooms":["0"],"fave_property_bathrooms":["0"],"fave_property_price":["210000"],"fave_property_id":["PCGT-30"],"fave_property_zip":["38678"],"houzez_geolocation_long":["-16.7569306"],"houzez_geolocation_lat":["28.1292347"],"fave_video_url":[""],"fave_property_map":["1"],"fave_agent_display_option":["agency_info"],"fave_property_agency":["960"],"fave_property_land":["314"],"fave_loggedintoview":["0"],"fave_single_content_area":["global"],"fave_single_top_area":["global"],"fave_prop_homeslider":["no"],"fave_featured":["0"],"houzez_featured_listing_date":[""],"_property_import_data_time":["1777304230"],"fave_property_location":["28.1292347,-16.7569306,14"],"houzez_total_property_views":["15"],"houzez_views_by_date":["a:1:{s:10:\"04-27-2026\";i:15;}"],"houzez_recently_viewed":["2026-04-27 17:38:02"],"_elementor_page_assets":["a:0:{}"]},"_links":{"self":[{"href":"https:\/\/simonabranca.com\/it\/wp-json\/wp\/v2\/properties\/1756","targetHints":{"allow":["GET"]}}],"collection":[{"href":"https:\/\/simonabranca.com\/it\/wp-json\/wp\/v2\/properties"}],"about":[{"href":"https:\/\/simonabranca.com\/it\/wp-json\/wp\/v2\/types\/property"}],"version-history":[{"count":1,"href":"https:\/\/simonabranca.com\/it\/wp-json\/wp\/v2\/properties\/1756\/revisions"}],"predecessor-version":[{"id":1764,"href":"https:\/\/simonabranca.com\/it\/wp-json\/wp\/v2\/properties\/1756\/revisions\/1764"}],"wp:featuredmedia":[{"embeddable":true,"href":"https:\/\/simonabranca.com\/it\/wp-json\/wp\/v2\/media\/1757"}],"wp:attachment":[{"href":"https:\/\/simonabranca.com\/it\/wp-json\/wp\/v2\/media?parent=1756"}],"wp:term":[{"taxonomy":"property_type","embeddable":true,"href":"https:\/\/simonabranca.com\/it\/wp-json\/wp\/v2\/property_type?post=1756"},{"taxonomy":"property_status","embeddable":true,"href":"https:\/\/simonabranca.com\/it\/wp-json\/wp\/v2\/property_status?post=1756"},{"taxonomy":"property_feature","embeddable":true,"href":"https:\/\/simonabranca.com\/it\/wp-json\/wp\/v2\/property_feature?post=1756"},{"taxonomy":"property_label","embeddable":true,"href":"https:\/\/simonabranca.com\/it\/wp-json\/wp\/v2\/property_label?post=1756"},{"taxonomy":"property_country","embeddable":true,"href":"https:\/\/simonabranca.com\/it\/wp-json\/wp\/v2\/property_country?post=1756"},{"taxonomy":"property_state","embeddable":true,"href":"https:\/\/simonabranca.com\/it\/wp-json\/wp\/v2\/property_state?post=1756"},{"taxonomy":"property_city","embeddable":true,"href":"https:\/\/simonabranca.com\/it\/wp-json\/wp\/v2\/property_city?post=1756"},{"taxonomy":"property_area","embeddable":true,"href":"https:\/\/simonabranca.com\/it\/wp-json\/wp\/v2\/property_area?post=1756"}],"curies":[{"name":"wp","href":"https:\/\/api.w.org\/{rel}","templated":true}]}}

Terreno Urbano en Venta en Armeñime

<p>Se vende parcela urbana de 314 m² situada en Armeñime, dentro del municipio de Adeje, en el sur de Tenerife.</p>
<p>La parcela se encuentra clasificada en zona de uso residencial en altura media, lo que permite el desarrollo de un proyecto de edificación plurifamiliar, ideal tanto para promoción de viviendas como para inversión patrimonial.</p>
<p>Se dispone de plano urbanístico, lo que facilita el análisis y desarrollo del proyecto, aportando mayor seguridad al inversor o promotor interesado.</p>
<p>Ubicada en un entorno consolidado y con buena conexión a los principales núcleos turísticos y comerciales del sur de la isla, la zona ofrece una combinación de tranquilidad residencial y cercanía a servicios, lo que la convierte en una opción atractiva para el desarrollo inmobiliario.</p>
<p>Según normativa urbanística, la parcela permite edificación en varias plantas (mínimo dos), con posibilidad de garaje y usos complementarios en planta baja como locales comerciales o equipamientos, sujeto a proyecto técnico y normativa vigente.</p>
<p>Una oportunidad para promotores o inversores que buscan suelo urbano en una ubicación estratégica con potencial de revalorización. &#8211; Testing:  | 28.1292347, -16.7569306</p>

<p>Se vende parcela urbana de 314 m² situada en Armeñime, dentro del municipio de Adeje, en el sur de Tenerife. La parcela se encuentra clasificada en zona de uso residencial en altura media, lo que permite el desarrollo de un proyecto de edificación plurifamiliar, ideal tanto para promoción de viviendas como para inversión patrimonial. Se [&hellip;]</p>
